*g - 101. Suppose 19*u + 2*c = 16*u + 12, 24 = 2*u - 4*c. List the prime factors of v(u).
7, 19
Let y(k) = 4*k**2 - 3*k + 21. Let s be y(-6). Let u = s + 59. Let l = -127 + u. List the prime factors of l.
5, 23
Let y(i) = i**3 + 7*i**2 + 3*i - 9. Let r be y(-6). Suppose -r*n + 6128 - 2105 = 0. List the prime factors of n.
3, 149
Let w(l) = l + 8. Let d be w(-1). Let k be 2/10*(d - 2). What are the prime factors of -178*-3*k/6?
89
Let p = 21 + -16. Suppose -4*m = 5*r - 18, 2 = m + p. Suppose -t + r*t - 640 = 0. List the prime factors of t.
2
Let d(q) = 16*q - 44. Let c be d(28). Suppose 94*p - 90*p = c. What are the prime factors of p?
101
Suppose -795842 - 450225 = -79*p. List the prime factors of p.
15773
Let r be (-1)/(8/(-34)) - 1/4. Suppose r*g = 2*s - 21 + 3, -2*s + 21 = -5*g. Suppose s*t - 3*k - 415 = -19, 3*k - 264 = -2*t. What are the prime factors of t?
2, 3, 11
Let h(k) = 9*k**2 + 8*k + 1. Let w be h(-1). Suppose -7*n + w*a + 2260 = -5*n, 2*n + 5*a = 2281. What are the prime factors of n?
11, 103
Let o(z) = 27*z**3 - 5*z**2 - 9*z - 6. Let b(u) = -27*u**3 + 4*u**2 + 8*u + 5. Let c(h) = 4*b(h) + 3*o(h). List the prime factors of c(-3).
5, 29
Let a(i) be the third derivative of -i**6/120 - i**5/60 - i**4/12 + 29*i**3/2 - 5*i**2 + 2*i. List the prime factors of a(0).
3, 29
Let y(o) be the second derivative of 7/2*o**2 + 16*o - 13/2*o**3 + 0. List the prime factors of y(-2).
5, 17
Let w = 99051 + -54262. List the prime factors of w.
44789
Let o = 74 - 69. Let z be (20 - (-1 + o)) + (4 - 0). Suppose -z*k + 16*k = -668. What are the prime factors of k?
167
Suppose 15*i - 12*i - 3 = 0. List the prime factors of (405/i)/((-312)/(-208)).
2, 3, 5
Suppose 2*n + 26 - 14 = 0. Let m = n + 1. Let g(f) = 3*f**2 + 13*f + 15. List the prime factors of g(m).
5
Suppose 0 = -11*q + 31*q. Suppose -3*d + 5*a + 931 = q, -4*d = -5*a + 7*a - 1198. What are the prime factors of d?
2, 151
Suppose 49*s - 1 = 50*s. What are the prime factors of (s - 1 - 140)*-3?
2, 3, 71
Suppose -10*x + x = -1467. Suppose -36 = 3*r - 123. Let g = x - r. List the prime factors of g.
2, 67
Let h be 9 - 1/(3/(-12)). Suppose -3*u + h - 1 = 0. Suppose 7*c - 6*c = 4*k + 78, 156 = 2*c + u*k. List the prime factors of c.
2, 3, 13
Let w(i) = -i**2 - 26*i + 28. Let z(b) = -b - 2. Let h(d) = -w(d) + 4*z(d). List the prime factors of h(21).
3, 17
Suppose 757*v + 26968 = 758*v - 5*x, x = 2*v - 53999. What are the prime factors of v?
3, 9001
Let u(b) = 5*b - 24. Let o be u(5). Let h = 1 - o. Suppose h = 73*g - 75*g + 60. List the prime factors of g.
2, 3, 5
Let x = -2296 - -2296. Suppose 3*o - 2 = 2*o. Suppose -g + 50 + o = x. What are the prime factors of g?
2, 13
Let h = -12902 + 23232. What are the prime factors of h?
2, 5, 1033
Let g(k) = 5*k**3 - 156*k**2 + 20*k + 123. What are the prime factors of g(32)?
43, 113
Suppose -4*w = 2*s - 52, 19*w - 20*w - s = -12. What are the prime factors of -2*(5 + (-875)/w)?
5, 23
Let a(r) = -29 + 2*r**2 - 9*r + 16 - 1. Let c be a(6). Suppose -2*g - 7 = -4*b + 315, -77 = -b + c*g. List the prime factors of b.
3
Let u = -224 - -227. Suppose 3*a - 3*i - 741 = 0, -13*a + u*i - 1227 = -18*a. List the prime factors of a.
2, 3, 41
Let d(y) = -1. Let q(p) = -31*p + 14*p - 7 + 24*p. Let w(v) = -6*d(v) + q(v). What are the prime factors of w(12)?
83
Suppose 52*z - 57*z - 384 = -3*q, z = -5*q + 668. What are the prime factors of q?
7, 19
Let h = -204 + 243. What are the prime factors of 1339 + 27/36 + h/12?
17, 79
Suppose 4*u - 33 = 3*i, -i + 0*u + 4*u = 19. Let x be ((-6)/i)/(66/21 - 3). Suppose x*t = 3*t + 105. What are the prime factors of t?
5, 7
Let u(k) = k**3 - 8*k**2 - 23*k + 5. Let j be u(10). Suppose 42*r - 114 = 44*r. Let l = j - r. What are the prime factors of l?
2
Let r(c) = 8704*c**2 + 112*c - 229. List the prime factors of r(2).
7, 4973
Let l = -201 + 203. Suppose 2*k + z - 241 = -2*z, -k + 118 = l*z. List the prime factors of k.
2
Let b = 26218 + 27269. List the prime factors of b.
3, 7, 283
Let z(g) = g**2 + 14*g + 103. Let u be z(-17). Suppose u*r - 146*r = 1784. What are the prime factors of r?
223
Let a = -213 - -281. Let m = 31 + a. What are the prime factors of m?
3, 11
Suppose -y = -3*j + 1951, -j + 5*y + 2583 = 3*j. Suppose -m + j = m. List the prime factors of m.
2, 163
Let y = 1043 + -1040. Suppose 5*f - 5*g - 2838 = -g, g = -2. Suppose 5*n - f = 5*l - l, -y*n = -3*l - 339. What are the prime factors of n?
2, 3, 19
Suppose -9694*r - 515448 = -9712*r. What are the prime factors of r?
2, 7159
Suppose 15157 = -14*w + 18*w - m, -4*w + 15103 = 5*m. What are the prime factors of w?
7, 541
Let q = -43 + 43. Suppose 2*h - 4*y - 1228 = q, 2*h + 0*h + 4*y = 1252. What are the prime factors of h?
2, 5, 31
Suppose -531*g + 536*g - h = 95397, 4*g - 76277 = -5*h. List the prime factors of g.
2, 9539
Suppose 10*t - 11905 = -92*t + 17165. What are the prime factors of t?
3, 5, 19
Let l(y) = 10*y**2 + 414*y - 223. List the prime factors of l(-70).
3, 6599
Let x = 367 + 305. Let a = x - 309. List the prime factors of a.
3, 11
Let q(l) = -l + 9. Let b = 54 - 50. Suppose -b*n + 7*n = -5*n. What are the prime factors of q(n)?
3
Let b = -4029 - -9980. List the prime factors of b.
11, 541
Let b(z) = -795*z + 2601. List the prime factors of b(-7).
2, 3, 1361
Suppose 2*f - 35285 = -u, -27*u = 3*f - 24*u - 52920. What are the prime factors of f?
5, 3529
Let v(y) = -6*y - 56. Let a be v(-23). Let z = -118 + a. Let l = z - -52. List the prime factors of l.
2
Let n(u) = u**3 + 24*u**2 - 37*u - 92. Let d be n(-24). Let b = -4 + d. List the prime factors of b.
2, 3, 11
Let k be ((-36)/(-10))/((-64)/(-160)). Suppose -k*z = -7*z - 366. List the prime factors of z.
3, 61
Suppose 3*z + 2*d - 53624 - 20778 = 0, 0 = -d + 4. What are the prime factors of z?
2, 3, 4133
Let b = -55 + -20. Let l = 168 + -292. Let j = b - l. What are the prime factors of j?
7
Let w = -12658 - -25020. List the prime factors of w.
2, 7, 883
Suppose -3*c = 54*o - 58*o - 16125, -21508 = -4*c + 4*o. List the prime factors of c.
7, 769
Let c be (18/4)/(1/(-4)). Suppose -24*w + 27*w + 6 = 2*b, -5*b + 5 = -5*w. What are the prime factors of 1/b + ((-15414)/c)/7?
2, 61
Let w(d) be the first derivative of -3*d**4/2 + 4*d**3/3 + 4*d**2 - 15*d + 179. What are the prime factors of w(-6)?
3, 17
Let y(t) = -10948*t**3 - t**2 - 19*t - 17. What are the prime factors of y(-1)?
10949
Let a(w) = 2311*w**2 + 4*w - 2253*w**2 - 4*w + 15*w - 49 + 0*w. What are the prime factors of a(3)?
2, 7, 37
Suppose -m - 9 = 5*d + 10, m = d - 1. List the prime factors of (-5)/d - 95732/(-78).
1229
Let g be 2/(-3)*((6 - 2) + -7). Suppose -3*v + 1 = -g. What are the prime factors of ((-3)/9)/(v/(-444))?
2, 37
Let x(h) = -h + 1. Let p(m) = -3*m**2 + 4*m**2 - 1 + 2*m + 2 - 3 - 110*m**3. Let z(f) = p(f) + 2*x(f). What are the prime factors of z(-1)?
3, 37
Let a(h) = -h**3 + 9*h**2 - 12*h - 50. Let x be a(11). List the prime factors of -3 + (x + (7 - 4))*-1.
2, 11, 19
List the prime factors of (27328 - 1) + (4 - 1).
2, 3, 5, 911
Let p(j) = j**3 - 3*j**2 - 2*j + 1. Let d be p(4). Let r(q) be the third derivative of q**5/30 - 7*q**4/12 + q**3/6 - 155*q**2. List the prime factors of r(d).
37
Suppose 2*u - 2*s - 4 = 0, -s + 8 + 15 = 4*u. Suppose 2*k - 3*r = 1107, -u*k + 2*r - 594 = -3378. What are the prime factors of k?
2, 3, 31
Let u = -234 - -249. Suppose 5334 = u*w - w. List the prime factors of w.
3, 127
Let a = 116348 + -80388. What are the prime factors of a?
2, 5, 29, 31
Suppose 5*o - 5 - 16 = -2*n, 0 = 2*n - 6. Suppose -2*c + 152 = 2*w, -40 = o*w + 4*c - 266. Suppose 5*q = 7*q - w. What are the prime factors of q?
3, 13
Let u = -107 - -118. Suppose -u*z + 519 = -8*z. Suppose -2*q = -3*o + z, -2*o + 228 = 2*o - 2*q. What are the prime factors of o?
5, 11
Suppose 65*q - 1721580 = -145*q. List the prime factors of q.
2, 4099
Suppose -60*w + 13175 = 995. What are the prime factors of w?
7, 29
Suppose 0 = -1804*u + 1770*u + 1157292. List the prime factors of u.
2, 3, 31, 61
Let c be (22/4)/11 - 6290/(-4). Suppose 2420 + c = 11*p. List the prime factors of p.
3, 11
Suppose -2441 = -2*l + 12*b + 1297, -2*l + 3698 = -2*b. List the prime factors of l.
3, 5, 41
Let k = -14194 - -21568. List the prime factors of k.
2, 3, 1229
Let h(u) = -30